 5*k - 106, -3*p + 4*k = -394. Calculate the greatest common factor of 18 and p.
18
Let s = 18 - 10. Suppose s*p = 4*p + 192. Calculate the highest common factor of 32 and p.
16
Let w be (-1)/(-4) + 21/(-4). Let c be 2 - w/((-15)/(-36)). What is the highest common factor of 35 and c?
7
Let n(k) = k**3 - 3*k**2 - 7*k + 4. Let p be n(5). Let y(a) = -a**3 + 8*a**2 - 2*a + 22. Let v be y(7). What is the greatest common divisor of p and v?
19
Let q(j) = -j**3 + 11*j**2 - 10*j + 16. Let b be q(10). What is the greatest common factor of 2 and b?
2
Suppose 0 = 4*b - 5*b + 18. Suppose -j = -2*u - 2 - 3, 0 = -2*j + 2*u + b. What is the highest common divisor of j and 143?
13
Suppose 2*y = -y. Suppose 0 = 2*q - y*q. Suppose 5*j = 2*l - 0*l + 75, -2*j + 4*l + 46 = q. Calculate the highest common divisor of j and 117.
13
Suppose 2*d = 4*p - 12, 0*d - 5*d = 10. What is the highest common divisor of 16 and p?
2
Let g be (-596)/(-30) + (-10)/(-75). What is the highest common divisor of 100 and g?
20
Suppose 2*o = 4*o - 12. Suppose m + 0*c = 3*c + o, 2*m - 2*c - 8 = 0. Suppose -2*k - m*k = -5. Calculate the highest common factor of k and 1.
1
Let p = 114 + -66. What is the highest common divisor of 6 and p?
6
Let v(c) = c**2 - 2*c + 2. Let w be v(2). Let m = 12 - 10. What is the highest common divisor of w and m?
2
Let n = -203 - -368. Let p(d) = d**2 + 6*d + 15. Let a be 1*-2 - (-24)/(-6). Let l be p(a). What is the highest common divisor of n and l?
15
Let u = 93 + -88. Calculate the greatest common divisor of u and 5.
5
Let k(i) = i**2 + 6*i + 5. Let t be k(-6). What is the highest common divisor of 15 and t?
5
Suppose 18*t = 22*t - 540. Calculate the greatest common divisor of t and 15.
15
Let s = 19 + -4. Suppose 21*i = -32 + 242. What is the greatest common divisor of i and s?
5
Let j(y) = y**2 - 4*y - 4. Let v be j(-4). Let k(d) = 2*d**2 - 2. Let x be k(2). Suppose x*i - 12 = 3*i. Calculate the highest common divisor of v and i.
4
Suppose -2*o - 15 = -g, -4*o + 3 = -5. Calculate the greatest common divisor of 19 and g.
19
Let t be (5/4)/(1/64). What is the highest common divisor of t and 10?
10
Suppose -4*a + 4*v = -256, -v - 241 - 75 = -5*a. What is the highest common divisor of 42 and a?
21
Suppose 6*h - h = -30. Let a be (-45)/h*(-16)/3. Let d = 66 + a. What is the highest common divisor of 65 and d?
13
Let a(q) = -48*q**3 - q + 3*q + 4 - 3. Let u be a(-1). Let i = -34 + u. Calculate the highest common factor of i and 65.
13
Let w be (14/8)/(3/12). Suppose 1 = -3*s + 22. Calculate the greatest common divisor of w and s.
7
Let l = -117 + 201. What is the highest common factor of 12 and l?
12
Let n(p) = p**3 - 10*p**2 - 10*p - 3. Let i be n(11). Let x be 28/16 + 2/i. What is the highest common divisor of 3 and x?
1
Let k = -7 + 20. Suppose -k = -2*i - v, 0 = -0*i - 2*i + 3*v + 25. Suppose -m = -5*m + i. What is the greatest common factor of m and 14?
2
Let o(h) be the first derivative of -10*h**2 + 2*h - 2. Let u be o(-8). Suppose -s = 4*s - 90. What is the highest common divisor of u and s?
18
Let p = 276 - 135. Suppose t = 4*v - 145, 28 = -3*v + 5*t + p. What is the greatest common divisor of v and 18?
18
Let a = 5 - 5. Suppose a = -u + 2*u. Let p(n) = n**3 + n**2 - n + 4. Let g be p(u). Calculate the highest common divisor of g and 36.
4
Suppose -6*f - 176 = -22*f. What is the highest common divisor of f and 99?
11
Let y(f) = f**3 - 7*f**2 + 4*f - 9. Let w be y(9). What is the highest common factor of 27 and w?
27
Let x = -5 - -7. Suppose 3*o - 814 = -4*v - 220, -198 = -o - x*v. Calculate the highest common factor of 18 and o.
18
Suppose h + 3 = 7. Suppose h*z = -z + 55. What is the highest common divisor of 99 and z?
11
Let r(t) = -7*t - 4. Let c be r(-3). Calculate the greatest common factor of 85 and c.
17
Let v be ((-8)/(-6) - 3)*-12. Suppose 6*u - v = 2*u. Calculate the highest common factor of 5 and u.
5
Suppose 2*k + 24 = 2*b, 4*b = k - 2*k + 38. Let d = 106 - 16. Calculate the greatest common divisor of b and d.
10
Suppose 0 = f + 3*j - 16 - 19, 0 = 3*f - j - 75. Suppose 0 = g - 7 - 2. Let r = g - -4. What is the highest common divisor of f and r?
13
Let p(s) = s**3 + 10*s**2 - 3*s. Let d be p(-10). Calculate the highest common factor of d and 45.
15
Let b(j) = 5*j + 94. Let d be b(-15). Calculate the greatest common divisor of d and 361.
19
Let n(c) = -c + 9. Let j be n(8). Let m be (j + -3)/4*-6. Let p = -11 + 26. Calculate the greatest common factor of p and m.
3
Let x be (-2 - -4)*30/(-4). Let c be (x/12)/(2/(-72)). Calculate the highest common factor of 30 and c.
15
Let c(r) = r**3 - r**2 - r - 10. Let k be c(0). Let h be (12/k)/(1/(-25)). Suppose -h = -o - 2. Calculate the greatest common factor of o and 7.
7
Suppose -103 = -2*h - t, 3*t = 4*h - 268 + 77. Suppose -2*o = -5*y - 15, 2*o - 3*o + 2*y = -8. Calculate the highest common factor of h and o.
10
Suppose -w - 3*a + 11 = w, 0 = -5*w - 3*a + 41. Let o(k) = 2*k + 1. Let z be o(13). Let j be z/(-9) + (-7)/(-1). Calculate the highest common factor of w and j.
2
Let h be (-12 + 6)*(-16)/6. Suppose -3*j + 80 = 3*l - h, -2*j = 3*l - 91. Calculate the highest common factor of l and 3.
3
Let v be (-33)/(-2)*2*10. Let j = 75 + -45. Calculate the highest common factor of v and j.
30
Let h(z) = -z**2 + 7*z - 9. Let p be h(5). Let n be p/5 + (-952)/(-40). Calculate the highest common divisor of 60 and n.
12
Let d(p) = -p**2 + 5. Let r be d(0). Suppose 9 = r*z + 29. Let k(l) = -13*l - 4. Let q be k(z). What is the greatest common divisor of 12 and q?
12
Let r = -6 - 58. Let k = -98 - r. Let c = -4 - k. What is the greatest common divisor of c and 6?
6
Suppose -i + 6*m = m, 0 = 2*i + 4*m - 28. Let t(g) = -g**3 - 6*g**2 - 4*g + 7. Let d be t(-5). Calculate the highest common divisor of d and i.
2
Let i be 40*(9/(-3))/(-6). Calculate the greatest common divisor of 20 and i.
20
Suppose -2*k - 168 = -6*k. What is the greatest common factor of k and 105?
21
Let z(o) = 2*o**2 + 14*o - 6. Let m be z(-8). What is the greatest common divisor of 100 and m?
10
Suppose 5*d = 9 + 21. Calculate the greatest common factor of 3 and d.
3
Suppose 10*m = -2*m + 600. What is the highest common factor of m and 550?
50
Let t = 111 - 104. Calculate the highest common factor of t and 21.
7
Let y be 189/((-1)/2 + 2). Let z = 2 + y. What is the highest common divisor of 32 and z?
32
Let z be (12/9)/((-187)/63 + 3). Let n(d) = -2*d. Let a be n(-3). Calculate the greatest common divisor of a and z.
6
Let g(c) = -c**3 - 7*c**2 + 7*c + 1. Let h be g(-8). Calculate the greatest common factor of 72 and h.
9
Suppose -2*x - x = 0. Suppose x*o = -3*o + 48. What is the highest common divisor of 64 and o?
16
Let m be (-12)/(-7) - 2/(-7). Let o = 0 + m. Let f = 4 - o. Calculate the highest common divisor of 2 and f.
2
Let i(w) = -41*w**3 - w**2. Let u be i(-1). What is the highest common factor of 15 and u?
5
Suppose -2*b + 29 = -7. What is the highest common factor of b and 27?
9
Let w(t) = 3*t**2 + 2*t - 2. Let r be w(2). What is the greatest common factor of 28 and r?
14
Let j be 132/(-9)*6/(-4). Let q(v) = v - 4. Let i be q(-3). Let u be (-387)/i + 8/(-28). Calculate the highest common divisor of j and u.
11
Let g be (-250)/(-35) - (-2)/(-14). What is the greatest common divisor of g and 21?
7
Let n(c) = -c**2 - 8*c - 9. Let u be n(-6). Suppose u*s - 16 = 4*j + 14, 33 = 3*s - 5*j. Suppose 4*q = q + s. Calculate the greatest common factor of 22 and q.
2
Let l(s) = -s**2 - 9*s - 6. Let b be l(-8). Suppose 0 = -b*c + 2 + 10. Let q = -105 - -153. Calculate the greatest common factor of c and q.
6
Suppose -4*q - 42 = 3*y, -y - 4*y - 5*q = 70. Let d be y/(-6) + 6/9. Suppose -9 - 3 = -2*k. What is the greatest common factor of d and k?
3
Suppose l + 3*l - 24 = 0. Let d = l - -9. What is the highest common factor of d and 5?
5
Suppose 2*w + 3*d = 0, 0 = -2*w + 5*d + 5 + 11. Suppose 3*h - 1 = -7. Let k be 24 - (h/(-1) + 1). What is the greatest common factor of w and k?
3
Let t = -45 + 60. Calculate the greatest common divisor of t and 120.
15
Let n be (0 - (-2)/(-4))*8. Let c be 1/n + (-2742)/(-24). Let o be 0 + 1 + -3 + c. Calculate the greatest common factor of 14 and o.
14
Let y(d) = d + 6. Let u = 3 + -14. Let c = 11 + u. Let g